{"id":1192,"date":"2019-04-05T04:47:32","date_gmt":"2019-04-05T04:47:32","guid":{"rendered":"https:\/\/demo.themegrill.com\/zakra\/?page_id=2"},"modified":"2022-01-25T22:19:51","modified_gmt":"2022-01-25T22:19:51","slug":"sample-page-2","status":"publish","type":"page","link":"https:\/\/revafric-bm.sn\/wordpress\/sample-page-2\/","title":{"rendered":"Recommandations aux auteurs"},"content":{"rendered":"\t\t<div data-elementor-type=\"wp-page\" data-elementor-id=\"1192\" class=\"elementor elementor-1192\">\n\t\t\t\t\t\t<section class=\"elementor-section elementor-top-section elementor-element elementor-element-50d3d986 elementor-section-boxed elementor-section-height-default elementor-section-height-default\" data-id=\"50d3d986\" data-element_type=\"section\" data-e-type=\"section\">\n\t\t\t\t\t\t<div class=\"elementor-container elementor-column-gap-default\">\n\t\t\t\t\t<div class=\"elementor-column elementor-col-100 elementor-top-column elementor-element elementor-element-23c751f2\" data-id=\"23c751f2\" data-element_type=\"column\" data-e-type=\"column\">\n\t\t\t<div class=\"elementor-widget-wrap elementor-element-populated\">\n\t\t\t\t\t\t<div class=\"elementor-element elementor-element-58033265 elementor-widget elementor-widget-text-editor\" data-id=\"58033265\" data-element_type=\"widget\" data-e-type=\"widget\" data-widget_type=\"text-editor.default\">\n\t\t\t\t<div class=\"elementor-widget-container\">\n\t\t\t\t\t\t\t\t\t<img fetchpriority=\"high\" decoding=\"async\" class=\"size-medium wp-image-2642 aligncenter\" src=\"https:\/\/revafric-bm.sn\/wordpress\/wp-content\/uploads\/2021\/10\/image-8-290x300.png\" alt=\"\" width=\"290\" height=\"300\" srcset=\"https:\/\/revafric-bm.sn\/wordpress\/wp-content\/uploads\/2021\/10\/image-8-290x300.png 290w, https:\/\/revafric-bm.sn\/wordpress\/wp-content\/uploads\/2021\/10\/image-8.png 526w\" sizes=\"(max-width: 290px) 100vw, 290px\" \/>\n<p style=\"text-align: center;\">Acteur en Chef \/ Editor in Chief :<\/p>\n<p style=\"text-align: center;\">Prof. A. Iyane SOW<\/p>\n<p style=\"text-align: center;\"><span style=\"color: #339966;\"><strong><a style=\"color: #339966;\" href=\"mailto:profisow3@gmail.com\">profisow3@gmail.com<\/a><\/strong><\/span><\/p>\n<p style=\"text-align: center;\"><strong><span style=\"color: #339966;\"><a style=\"color: #339966;\" href=\"http:\/\/www.revafric-bm.sn\">http:\/\/www.revafric-bm.sn<\/a><\/span><\/strong><\/p>\n<p style=\"text-align: center;\"><strong><span style=\"color: #339966;\"><a style=\"color: #339966;\" href=\"mailto:infos@revafric-bm.sn\">infos@revafric-bm.sn<\/a><\/span><\/strong><\/p>\n<p style=\"text-align: center;\"><strong>Recommandations aux auteurs<\/strong><\/p>\n<p style=\"text-align: center;\">La Revue africaine de Biologie M\u00e9dicale est une revue scientifique qui comprend diff\u00e9rentes sections correspondant aux disciplines biologiques :\nSection A : Bact\u00e9riologie-Virologie\nSection B : Biologie cellulaire\nSection C : Biologie mol\u00e9culaire\nSection D : Biochimie\nSection E : G\u00e9n\u00e9tique m\u00e9dicale\nSection F : H\u00e9matologie\nSection G : Immunologie\nSection H : Parasitologie-Mycologie.\nLa revue publie des articles dans les rubriques suivantes: des \u00e9ditoriaux (sur demande de la R\u00e9daction), des revues, des articles originaux, des r\u00e9sultats de recherche fondamentale et op\u00e9rationnelle, des essais, des travaux en Sant\u00e9 Publique, sur la Qualit\u00e9, la Bios\u00e9curit\u00e9 ou la r\u00e9glementation.\nSoumission et \u00e9valuation des manuscrits La Revue publie des articles en Fran\u00e7ais et en Anglais, avec un r\u00e9sum\u00e9 dans les deux langues. Les manuscrits doivent \u00eatre soumis en version \u00e9lectronique via Internet et r\u00e9dig\u00e9s en double interligne, avec la police Times New Roman, taille 12.\nChaque article soumis fait l\u2019objet d\u2019une v\u00e9rification du comit\u00e9 de R\u00e9daction sur le respect des pr\u00e9sentes recommandations avant soumission \u00e0 l\u2019\u00e9valuation de deux relecteurs selon une \u00e9chelle. Apr\u00e8s acceptation, des tir\u00e9s-\u00e0-part sont remis aux auteurs apr\u00e8s paiement de frais d\u2019impression.\nPr\u00e9sentation des manuscrits\nLes manuscrits ne doivent faire l\u2019objet d\u2019aucune soumission \u00e0 un autre journal. Ils ne doivent pas d\u00e9passer 15 pages (avec les r\u00e9f\u00e9rences, les tableaux et figures) et sont pr\u00e9sent\u00e9s comme suit :\n* A la page de garde mettre :\n&#8211; Les titres de l\u2019article en fran\u00e7ais et en anglais\n&#8211; Les auteurs : noms suivis de l\u2019abr\u00e9viation des pr\u00e9noms, s\u00e9par\u00e9s par des virgules, le dernier pr\u00e9nom sera suivi d\u2019un point. Ex. : Sow AI1, Gu\u00e8ye A2, Sall B3. Les chiffres en exposant renvoient aux institutions de rattachement des auteurs dont les adresses \u00e9lectroniques doivent \u00eatre fournies.\n&#8211; La rubrique propos\u00e9e par les auteurs,\n&#8211; Les noms, pr\u00e9noms, adresses et contacts (t\u00e9l\u00e9phone, adresse E mail, bo\u00eete postale) de l\u2019auteur correspondant \u00e0 qui seront envoy\u00e9s les avis des relecteurs et les tir\u00e9s-\u00e0-part.\n* Les pages de r\u00e9sum\u00e9s : ne doivent pas d\u00e9passer deux pages (une par langue)\n&#8211; Mettre le titre de l\u2019article sans les auteurs\n&lsquo;- Pr\u00e9senter des r\u00e9sum\u00e9s structur\u00e9s en sous chapitres : introduction (avec les objectifs), mat\u00e9riels et m\u00e9thodes, principaux r\u00e9sultats, et conclusion (sans r\u00e9f\u00e9rence). &#8211; Donner les mots cl\u00e9s (entre 3 et 5), s\u00e9par\u00e9s par des virgules.\n* Corps du texte :\n&#8211; L\u2019introduction pr\u00e9sente les informations de base sur le travail ainsi que les objectifs vis\u00e9s.\n&#8211; Le reste du manuscrit comprend les chapitres sur le mat\u00e9riel utilis\u00e9 et la m\u00e9thodologie (avec pr\u00e9cision du respect des r\u00e8gles \u00e9thiques), les r\u00e9sultats non comment\u00e9s, la discussion, la conclusion, les r\u00e9f\u00e9rences. Apr\u00e8s la conclusion, les auteurs peuvent ins\u00e9rer quelques mots de remerciement. &#8211; Tableaux et figures doivent \u00eatre incorpor\u00e9s dans le corps du texte ; si n\u00e9cessaire, il sera demand\u00e9 aux auteurs l\u2019original des images.\n. Les figures sont num\u00e9rot\u00e9es en chiffres arabes (1,2,3,\u2026) et les tableaux en chiffres romains (I,II,III,\u2026) . Les titres des figures sont plac\u00e9s en bas et les titres des tableaux en haut.\n&#8211; R\u00e9f\u00e9rences :\n. Elles sont appel\u00e9es dans le texte par des chiffres arabes entre crochets [1] selon l\u2019ordre chronologique de leur apparition .\n. Toutes les r\u00e9f\u00e9rences pr\u00e9sent\u00e9es sur la liste doivent \u00eatre appel\u00e9es dans le texte. . Elles doivent r\u00e9pondre aux normes internationales et leur nombre doit se situer entre 15 au minimum et 20 au maximum.\n. Les rapports, th\u00e8ses et travaux personnels non publi\u00e9s ne doivent pas figurer sur la liste des r\u00e9f\u00e9rences mais peuvent \u00eatre cit\u00e9s dans le manuscrit avec la mention (non publi\u00e9).\n. Les articles \u00ab sous presse \u00bb ne sont pas admis avant leur publication.\n. Pour les articles de revue, pr\u00e9senter : Auteurs. Titre de l\u2019article. Nom de la revue en toutes lettres. Ann\u00e9e ; volume (num\u00e9ro) : pages s\u00e9par\u00e9es d\u2019un tiret.\nExemple : Sow AI, Sall B, Gu\u00e8ye D. R\u00e9sultats d\u2019une surveillance des r\u00e9sistances aux antimicrobiens sur une ann\u00e9e au S\u00e9n\u00e9gal. Revue africaine de Biologie M\u00e9dicale.2015;1(3):1-5.\n. Pour les r\u00e9f\u00e9rences \u00e0 des ouvrages, apr\u00e8s les auteurs et le titre, citer l\u2019\u00e9diteur, la ville d\u2019\u00e9dition, l\u2019ann\u00e9e, le tome, les pages.\nPour les r\u00e9f\u00e9rences \u00e9lectroniques : apr\u00e8s les auteurs et le titre, pr\u00e9ciser qu\u2019il s\u2019agit d\u2019une r\u00e9f\u00e9rence \u00e9lectronique, indiquer l\u2019ann\u00e9e de publication, l\u2019adresse du site et la date de consultation.\nTout manuscrit ne respectant les pr\u00e9sentes recommandations sera retourn\u00e9 aux auteurs sans soumission aux relecteurs.\nAdresse de soumission des articles :<\/p>\n<p style=\"text-align: center;\"><strong><span style=\"color: #339966;\"><a style=\"color: #339966;\" href=\"mailto:soumission@revafric-bm.sn\">soumission@revafric-bm.sn<\/a><\/span><\/strong>\nou<\/p>\n<p style=\"text-align: center;\"><strong><span style=\"color: #339966;\"><a style=\"color: #339966;\" href=\"mailto:profisow3@gmail.com\">profisow3@gmail.com<\/a><\/span><\/strong><\/p>\n<p style=\"text-align: center;\"><\/p>\t\t\t\t\t\t\t\t<\/div>\n\t\t\t\t<\/div>\n\t\t\t\t\t<\/div>\n\t\t<\/div>\n\t\t\t\t\t<\/div>\n\t\t<\/section>\n\t\t\t\t<\/div>\n\t\t","protected":false},"excerpt":{"rendered":"<p>Acteur en Chef \/ Editor in Chief : Prof. A. Iyane SOW profisow3@gmail.com http:\/\/www.revafric-bm.sn infos@revafric-bm.sn Recommandations aux auteurs La Revue africaine de Biologie M\u00e9dicale est une revue scientifique qui comprend diff\u00e9rentes sections correspondant aux disciplines biologiques : Section A : Bact\u00e9riologie-Virologie Section B : Biologie cellulaire Section C : Biologie mol\u00e9culaire Section D : Biochimie<\/p>\n","protected":false},"author":1,"featured_media":0,"parent":0,"menu_order":0,"comment_status":"closed","ping_status":"closed","template":"","meta":{"footnotes":""},"class_list":["post-1192","page","type-page","status-publish","hentry"],"brizy_media":[],"_links":{"self":[{"href":"https:\/\/revafric-bm.sn\/wordpress\/wp-json\/wp\/v2\/pages\/1192","targetHints":{"allow":["GET"]}}],"collection":[{"href":"https:\/\/revafric-bm.sn\/wordpress\/wp-json\/wp\/v2\/pages"}],"about":[{"href":"https:\/\/revafric-bm.sn\/wordpress\/wp-json\/wp\/v2\/types\/page"}],"author":[{"embeddable":true,"href":"https:\/\/revafric-bm.sn\/wordpress\/wp-json\/wp\/v2\/users\/1"}],"replies":[{"embeddable":true,"href":"https:\/\/revafric-bm.sn\/wordpress\/wp-json\/wp\/v2\/comments?post=1192"}],"version-history":[{"count":38,"href":"https:\/\/revafric-bm.sn\/wordpress\/wp-json\/wp\/v2\/pages\/1192\/revisions"}],"predecessor-version":[{"id":16197,"href":"https:\/\/revafric-bm.sn\/wordpress\/wp-json\/wp\/v2\/pages\/1192\/revisions\/16197"}],"wp:attachment":[{"href":"https:\/\/revafric-bm.sn\/wordpress\/wp-json\/wp\/v2\/media?parent=1192"}],"curies":[{"name":"wp","href":"https:\/\/api.w.org\/{rel}","templated":true}]}}