{"id":16739,"date":"2025-10-15T12:53:24","date_gmt":"2025-10-15T12:53:24","guid":{"rendered":"https:\/\/revafric-bm.sn\/wordpress\/?page_id=16739"},"modified":"2025-10-19T22:18:24","modified_gmt":"2025-10-19T22:18:24","slug":"presentation-s-a-b-m","status":"publish","type":"page","link":"https:\/\/revafric-bm.sn\/wordpress\/presentation-s-a-b-m\/","title":{"rendered":"Pr\u00e9sentation S.A.B.M"},"content":{"rendered":"\t\t<div data-elementor-type=\"wp-page\" data-elementor-id=\"16739\" class=\"elementor elementor-16739\">\n\t\t\t\t\t\t<section class=\"elementor-section elementor-top-section elementor-element elementor-element-085d696 elementor-section-height-min-height elementor-section-content-middle elementor-section-stretched elementor-section-boxed elementor-section-height-default elementor-section-items-middle\" data-id=\"085d696\" data-element_type=\"section\" data-e-type=\"section\" data-settings=\"{&quot;stretch_section&quot;:&quot;section-stretched&quot;,&quot;background_background&quot;:&quot;classic&quot;}\">\n\t\t\t\t\t\t<div class=\"elementor-container elementor-column-gap-no\">\n\t\t\t\t\t<div class=\"elementor-column elementor-col-100 elementor-top-column elementor-element elementor-element-7482762\" data-id=\"7482762\" data-element_type=\"column\" data-e-type=\"column\">\n\t\t\t<div class=\"elementor-widget-wrap elementor-element-populated\">\n\t\t\t\t\t\t<div class=\"elementor-element elementor-element-04f123d elementor-button-info elementor-align-justify elementor-widget elementor-widget-button\" data-id=\"04f123d\" data-element_type=\"widget\" data-e-type=\"widget\" data-widget_type=\"button.default\">\n\t\t\t\t<div class=\"elementor-widget-container\">\n\t\t\t\t\t\t\t\t\t<div class=\"elementor-button-wrapper\">\n\t\t\t\t\t<a class=\"elementor-button elementor-button-link elementor-size-sm\" href=\"#\">\n\t\t\t\t\t\t<span class=\"elementor-button-content-wrapper\">\n\t\t\t\t\t\t\t\t\t<span class=\"elementor-button-text\">SOCIETE AFRICAINE DE BIOLOGIE MEDICALE<\/span>\n\t\t\t\t\t<\/span>\n\t\t\t\t\t<\/a>\n\t\t\t\t<\/div>\n\t\t\t\t\t\t\t\t<\/div>\n\t\t\t\t<\/div>\n\t\t\t\t<div class=\"elementor-element elementor-element-c43c69a elementor-widget elementor-widget-image\" data-id=\"c43c69a\" data-element_type=\"widget\" data-e-type=\"widget\" data-widget_type=\"image.default\">\n\t\t\t\t<div class=\"elementor-widget-container\">\n\t\t\t\t\t\t\t\t\t\t\t\t\t\t\t<img decoding=\"async\" src=\"https:\/\/revafric-bm.sn\/wordpress\/wp-content\/uploads\/elementor\/thumbs\/logo-rd7t181der73q8ls8kth45mgq0oai2oxm5xwgmr8zo.jpg\" title=\"logo\" alt=\"logo\" loading=\"lazy\" \/>\t\t\t\t\t\t\t\t\t\t\t\t\t\t\t<\/div>\n\t\t\t\t<\/div>\n\t\t\t\t<div class=\"elementor-element elementor-element-45b42bb elementor-widget elementor-widget-text-editor\" data-id=\"45b42bb\" data-element_type=\"widget\" data-e-type=\"widget\" data-widget_type=\"text-editor.default\">\n\t\t\t\t<div class=\"elementor-widget-container\">\n\t\t\t\t\t\t\t\t\t<p><strong>La soci\u00e9t\u00e9 Africaine de Biologie M\u00e9dicale (S.A.B.M)<\/strong>, cr\u00e9\u00e9e le 12 Mars 2025 a pour but de contribuer au progr\u00e8s de la science et au bien<br \/>\u00eatre socio-sanitaire de la population.<\/p><p>Les objectifs de la Soci\u00e9t\u00e9 sont de :<\/p><p>\u00a0promouvoir la biologie m\u00e9dicale en Afrique.<\/p><p>contribuer au progr\u00e8s et au d\u00e9veloppement de la m\u00e9decine en Afrique ;<\/p><p>contribuer \u00e0 la Formation M\u00e9dicale Continue (FMC) dans le domaine de la <br \/>biologie m\u00e9dicale en Afrique ;<\/p><p>contribuer \u00e0 la recherche m\u00e9dicale en Afrique ;<\/p><p>les moyens de r\u00e9alisation de ces objectifs sont :<\/p><p>l\u2019organisation de r\u00e9unions, colloques, <br \/>s\u00e9minaires, fora et congr\u00e8s <br \/>scientifiques ;<\/p><p>la tenue d\u2019un journal scientifique ;<\/p><p>la publication d\u2019articles scientifiques ;<\/p><p>\u00a0la participation \u00e0 des \u00e9missions radiot\u00e9l\u00e9vis\u00e9es ;<\/p><p>l&rsquo;\u00e9tablissement de partenariat avec les organisations scientifiques, <br \/>nationales, internationales et avec les organismes nationaux et <br \/>internationaux \u0153uvrant dans le domaine de la biologie m\u00e9dicale.<\/p><p><img fetchpriority=\"high\" decoding=\"async\" class=\"size-medium wp-image-16780 aligncenter\" style=\"display: block;\" src=\"https:\/\/revafric-bm.sn\/wordpress\/wp-content\/uploads\/2025\/10\/fac-768x456.jpg\" alt=\"\" width=\"768\" height=\"456\" \/>\u00a0\u00a0<\/p>\t\t\t\t\t\t\t\t<\/div>\n\t\t\t\t<\/div>\n\t\t\t\t<div class=\"elementor-element elementor-element-4168165 elementor-button-info elementor-align-center elementor-widget elementor-widget-button\" data-id=\"4168165\" data-element_type=\"widget\" data-e-type=\"widget\" data-widget_type=\"button.default\">\n\t\t\t\t<div class=\"elementor-widget-container\">\n\t\t\t\t\t\t\t\t\t<div class=\"elementor-button-wrapper\">\n\t\t\t\t\t<a class=\"elementor-button elementor-button-link elementor-size-sm\" href=\"https:\/\/revafric-bm.sn\/wordpress\/wp-content\/uploads\/2025\/10\/SABM-REGLEMENT-INTERIEUR-VF.pdf\" target=\"_blank\">\n\t\t\t\t\t\t<span class=\"elementor-button-content-wrapper\">\n\t\t\t\t\t\t\t\t\t<span class=\"elementor-button-text\">S.A.B.M REGLEMENT INTERIEUR<\/span>\n\t\t\t\t\t<\/span>\n\t\t\t\t\t<\/a>\n\t\t\t\t<\/div>\n\t\t\t\t\t\t\t\t<\/div>\n\t\t\t\t<\/div>\n\t\t\t\t<div class=\"elementor-element elementor-element-a7d90e0 elementor-align-center elementor-button-info elementor-widget elementor-widget-button\" data-id=\"a7d90e0\" data-element_type=\"widget\" data-e-type=\"widget\" data-widget_type=\"button.default\">\n\t\t\t\t<div class=\"elementor-widget-container\">\n\t\t\t\t\t\t\t\t\t<div class=\"elementor-button-wrapper\">\n\t\t\t\t\t<a class=\"elementor-button elementor-button-link elementor-size-sm\" href=\"https:\/\/revafric-bm.sn\/wordpress\/wp-content\/uploads\/2025\/10\/SABM-statuts-VF.pdf\" target=\"_blank\">\n\t\t\t\t\t\t<span class=\"elementor-button-content-wrapper\">\n\t\t\t\t\t\t\t\t\t<span class=\"elementor-button-text\">S.A.B.M STATUS<\/span>\n\t\t\t\t\t<\/span>\n\t\t\t\t\t<\/a>\n\t\t\t\t<\/div>\n\t\t\t\t\t\t\t\t<\/div>\n\t\t\t\t<\/div>\n\t\t\t\t\t<\/div>\n\t\t<\/div>\n\t\t\t\t\t<\/div>\n\t\t<\/section>\n\t\t\t\t<\/div>\n\t\t","protected":false},"excerpt":{"rendered":"<p>SOCIETE AFRICAINE DE BIOLOGIE MEDICALE La soci\u00e9t\u00e9 Africaine de Biologie M\u00e9dicale (S.A.B.M), cr\u00e9\u00e9e le 12 Mars 2025 a pour but de contribuer au progr\u00e8s de la science et au bien\u00eatre socio-sanitaire de la population. Les objectifs de la Soci\u00e9t\u00e9 sont de : \u00a0promouvoir la biologie m\u00e9dicale en Afrique. contribuer au progr\u00e8s et au d\u00e9veloppement de<\/p>\n","protected":false},"author":1,"featured_media":0,"parent":0,"menu_order":0,"comment_status":"closed","ping_status":"closed","template":"","meta":{"footnotes":""},"class_list":["post-16739","page","type-page","status-publish","hentry"],"brizy_media":[],"_links":{"self":[{"href":"https:\/\/revafric-bm.sn\/wordpress\/wp-json\/wp\/v2\/pages\/16739","targetHints":{"allow":["GET"]}}],"collection":[{"href":"https:\/\/revafric-bm.sn\/wordpress\/wp-json\/wp\/v2\/pages"}],"about":[{"href":"https:\/\/revafric-bm.sn\/wordpress\/wp-json\/wp\/v2\/types\/page"}],"author":[{"embeddable":true,"href":"https:\/\/revafric-bm.sn\/wordpress\/wp-json\/wp\/v2\/users\/1"}],"replies":[{"embeddable":true,"href":"https:\/\/revafric-bm.sn\/wordpress\/wp-json\/wp\/v2\/comments?post=16739"}],"version-history":[{"count":51,"href":"https:\/\/revafric-bm.sn\/wordpress\/wp-json\/wp\/v2\/pages\/16739\/revisions"}],"predecessor-version":[{"id":16898,"href":"https:\/\/revafric-bm.sn\/wordpress\/wp-json\/wp\/v2\/pages\/16739\/revisions\/16898"}],"wp:attachment":[{"href":"https:\/\/revafric-bm.sn\/wordpress\/wp-json\/wp\/v2\/media?parent=16739"}],"curies":[{"name":"wp","href":"https:\/\/api.w.org\/{rel}","templated":true}]}}